{"id":1166,"date":"2023-07-31T15:10:24","date_gmt":"2023-07-31T13:10:24","guid":{"rendered":"https:\/\/loopstore.eu\/intralogistics\/?page_id=1166"},"modified":"2023-07-31T16:06:29","modified_gmt":"2023-07-31T14:06:29","slug":"test-grafik","status":"publish","type":"page","link":"https:\/\/loopstore.eu\/intralogistics\/test-grafik\/","title":{"rendered":"Test grafik"},"content":{"rendered":"<p>[et_pb_section fb_built=&#8221;1&#8243; admin_label=&#8221;Sekcja&#8221; _builder_version=&#8221;4.21.0&#8243; _module_preset=&#8221;default&#8221; background_enable_color=&#8221;off&#8221; use_background_color_gradient=&#8221;on&#8221; background_color_gradient_type=&#8221;circular&#8221; background_color_gradient_direction_radial=&#8221;right&#8221; background_color_gradient_stops=&#8221;#f7f7f7 0%|#777777 100%&#8221; background_color_gradient_start=&#8221;#f7f7f7&#8243; background_color_gradient_end=&#8221;#777777&#8243; background_image=&#8221;https:\/\/loopstore.eu\/intralogistics\/wp-content\/uploads\/sites\/3\/2023\/07\/1.png&#8221; module_alignment=&#8221;center&#8221; min_height_last_edited=&#8221;off|desktop&#8221; height_last_edited=&#8221;off|desktop&#8221; custom_margin=&#8221;0px|0px|0px|0px|false|false&#8221; custom_padding=&#8221;0px|0px|0px|0px|false|false&#8221; hover_enabled=&#8221;0&#8243; background_last_edited=&#8221;on|desktop&#8221; background_color_gradient_type_tablet=&#8221;linear&#8221; background_color_gradient_type_phone=&#8221;linear&#8221; background_enable_image_tablet=&#8221;off&#8221; background_enable_image_phone=&#8221;off&#8221; custom_css_main_element=&#8221;||&#8221; locked=&#8221;off&#8221; global_colors_info=&#8221;{}&#8221; theme_builder_area=&#8221;post_content&#8221; sticky_enabled=&#8221;0&#8243; title_text=&#8221;1&#8243;][et_pb_row make_equal=&#8221;on&#8221; _builder_version=&#8221;4.16&#8243; _module_preset=&#8221;default&#8221; background_color_gradient_direction=&#8221;45deg&#8221; background_enable_image=&#8221;off&#8221; background_position=&#8221;bottom_left&#8221; width=&#8221;100%&#8221; max_width=&#8221;2560px&#8221; min_height=&#8221;90vh&#8221; min_height_tablet=&#8221;&#8221; min_height_phone=&#8221;&#8221; min_height_last_edited=&#8221;on|tablet&#8221; custom_margin=&#8221;0px|0px|0px|0px|false|false&#8221; custom_padding=&#8221;0px|10%|0px|10%|false|false&#8221; animation_style=&#8221;fade&#8221; hover_enabled=&#8221;0&#8243; background_last_edited=&#8221;on|tablet&#8221; background_enable_image_tablet=&#8221;off&#8221; module_alignment_tablet=&#8221;center&#8221; module_alignment_last_edited=&#8221;off|desktop&#8221; global_colors_info=&#8221;{}&#8221; theme_builder_area=&#8221;post_content&#8221; sticky_enabled=&#8221;0&#8243;][et_pb_column type=&#8221;4_4&#8243; _builder_version=&#8221;4.16&#8243; _module_preset=&#8221;default&#8221; global_colors_info=&#8221;{}&#8221; theme_builder_area=&#8221;post_content&#8221;][et_pb_text _builder_version=&#8221;4.16&#8243; _module_preset=&#8221;default&#8221; header_font=&#8221;|300||on|||||&#8221; header_text_align=&#8221;left&#8221; header_text_color=&#8221;#F7F7F7&#8243; header_font_size=&#8221;3em&#8221; header_2_font=&#8221;|300||on|||||&#8221; header_2_text_align=&#8221;left&#8221; header_2_text_color=&#8221;#F7F7F7&#8243; header_2_font_size=&#8221;3em&#8221; custom_margin=&#8221;40px||40px||false|false&#8221; animation_style=&#8221;slide&#8221; animation_direction=&#8221;left&#8221; animation_intensity_slide=&#8221;3%&#8221; animation_speed_curve=&#8221;ease&#8221; header_text_align_tablet=&#8221;left&#8221; header_text_align_phone=&#8221;left&#8221; header_text_align_last_edited=&#8221;on|tablet&#8221; header_text_color_tablet=&#8221;#303030&#8243; header_text_color_phone=&#8221;#303030&#8243; header_text_color_last_edited=&#8221;on|desktop&#8221; header_2_text_align_tablet=&#8221;&#8221; header_2_text_align_phone=&#8221;left&#8221; header_2_text_align_last_edited=&#8221;on|phone&#8221; header_2_font_size_tablet=&#8221;&#8221; header_2_font_size_phone=&#8221;2em&#8221; header_2_font_size_last_edited=&#8221;on|desktop&#8221; custom_css_main_element=&#8221;overflow-wrap: normal;&#8221; global_colors_info=&#8221;{}&#8221; header_2_2_font_size_phone=&#8221;2em&#8221; header_3_2_font_size_phone=&#8221;2em&#8221; header_4_2_font_size_phone=&#8221;2em&#8221; header_5_2_font_size_phone=&#8221;2em&#8221; header_6_2_font_size_phone=&#8221;2em&#8221; header_2_2_font_size_last_edited=&#8221;on|phone&#8221; header_3_2_font_size_last_edited=&#8221;on|phone&#8221; header_4_2_font_size_last_edited=&#8221;on|phone&#8221; header_5_2_font_size_last_edited=&#8221;on|phone&#8221; header_6_2_font_size_last_edited=&#8221;on|phone&#8221; theme_builder_area=&#8221;post_content&#8221;]<\/p>\n<h1><strong>1. GRAFIKA PNG<\/strong><\/h1>\n<p>[\/et_pb_text][et_pb_image src=&#8221;https:\/\/loopstore.eu\/intralogistics\/wp-content\/uploads\/sites\/3\/2021\/12\/Loopstore-Produkt-Automatyczny-System-Sywokiego-Skladowania-BOXSS-Mobile.png&#8221; alt=&#8221;Innowacyjny System Wysokiego Sk\u0142adowania BOxSS Z Autonomicznym Robotem Oraz Stacj\u0105 Obs\u0142ugi&#8221; title_text=&#8221;Systam Magazynowy BOxSS To Pe\u0142na Automatyzacja, Wysoka Wydajno\u015b\u0107 Oraz Skalowalno\u015b\u0107&#8221; disabled_on=&#8221;off|off|on&#8221; _builder_version=&#8221;4.19.5&#8243; _module_preset=&#8221;default&#8221; custom_margin=&#8221;|-14%|||false|false&#8221; global_colors_info=&#8221;{}&#8221; theme_builder_area=&#8221;post_content&#8221;][\/et_pb_image][et_pb_text _builder_version=&#8221;4.21.0&#8243; _module_preset=&#8221;default&#8221; text_font=&#8221;|300|||||||&#8221; text_text_color=&#8221;#F7F7F7&#8243; text_font_size=&#8221;1.5em&#8221; text_line_height=&#8221;1.6em&#8221; positioning=&#8221;relative&#8221; position_origin_a=&#8221;center_left&#8221; width=&#8221;100%&#8221; max_width=&#8221;40%&#8221; max_width_tablet=&#8221;100%&#8221; max_width_phone=&#8221;&#8221; max_width_last_edited=&#8221;on|desktop&#8221; custom_margin=&#8221;||40px||false|false&#8221; animation_style=&#8221;slide&#8221; animation_direction=&#8221;left&#8221; animation_delay=&#8221;100ms&#8221; animation_intensity_slide=&#8221;3%&#8221; animation_speed_curve=&#8221;ease&#8221; hover_enabled=&#8221;0&#8243; text_text_color_tablet=&#8221;#303030&#8243; text_text_color_phone=&#8221;#303030&#8243; text_text_color_last_edited=&#8221;on|tablet&#8221; text_font_size_tablet=&#8221;1.5em&#8221; text_font_size_phone=&#8221;1.2em&#8221; text_font_size_last_edited=&#8221;on|desktop&#8221; text_orientation_tablet=&#8221;&#8221; text_orientation_phone=&#8221;left&#8221; text_orientation_last_edited=&#8221;on|phone&#8221; global_colors_info=&#8221;{}&#8221; theme_builder_area=&#8221;post_content&#8221; sticky_enabled=&#8221;0&#8243;]<\/p>\n<p>Rozmiar oryginalny: 635 kb<\/p>\n<p>Rozmiar WebP: 157 kb<\/p>\n<p>T\u0142o gradientowe<\/p>\n<p>[\/et_pb_text][\/et_pb_column][\/et_pb_row][\/et_pb_section][et_pb_section fb_built=&#8221;1&#8243; admin_label=&#8221;Sekcja&#8221; _builder_version=&#8221;4.21.0&#8243; _module_preset=&#8221;default&#8221; background_enable_color=&#8221;off&#8221; use_background_color_gradient=&#8221;on&#8221; background_color_gradient_type=&#8221;circular&#8221; background_color_gradient_direction_radial=&#8221;right&#8221; background_color_gradient_stops=&#8221;#f7f7f7 0%|#777777 100%&#8221; background_color_gradient_start=&#8221;#f7f7f7&#8243; background_color_gradient_end=&#8221;#777777&#8243; background_image=&#8221;https:\/\/loopstore.eu\/intralogistics\/wp-content\/uploads\/sites\/3\/2023\/07\/2.png&#8221; module_alignment=&#8221;center&#8221; min_height_last_edited=&#8221;off|desktop&#8221; height_last_edited=&#8221;off|desktop&#8221; custom_margin=&#8221;0px|0px|0px|0px|false|false&#8221; custom_padding=&#8221;0px|0px|0px|0px|false|false&#8221; hover_enabled=&#8221;0&#8243; background_last_edited=&#8221;on|desktop&#8221; background_color_gradient_type_tablet=&#8221;linear&#8221; background_color_gradient_type_phone=&#8221;linear&#8221; background_enable_image_tablet=&#8221;off&#8221; background_enable_image_phone=&#8221;off&#8221; custom_css_main_element=&#8221;||&#8221; locked=&#8221;off&#8221; global_colors_info=&#8221;{}&#8221; theme_builder_area=&#8221;post_content&#8221; title_text=&#8221;2&#8243; sticky_enabled=&#8221;0&#8243;][et_pb_row make_equal=&#8221;on&#8221; _builder_version=&#8221;4.16&#8243; _module_preset=&#8221;default&#8221; background_color_gradient_direction=&#8221;45deg&#8221; background_enable_image=&#8221;off&#8221; background_position=&#8221;bottom_left&#8221; width=&#8221;100%&#8221; max_width=&#8221;2560px&#8221; min_height=&#8221;90vh&#8221; min_height_tablet=&#8221;&#8221; min_height_phone=&#8221;&#8221; min_height_last_edited=&#8221;on|tablet&#8221; custom_margin=&#8221;0px|0px|0px|0px|false|false&#8221; custom_padding=&#8221;0px|10%|0px|10%|false|false&#8221; animation_style=&#8221;fade&#8221; background_last_edited=&#8221;on|tablet&#8221; background_enable_image_tablet=&#8221;off&#8221; module_alignment_tablet=&#8221;center&#8221; module_alignment_last_edited=&#8221;off|desktop&#8221; global_colors_info=&#8221;{}&#8221; theme_builder_area=&#8221;post_content&#8221;][et_pb_column type=&#8221;4_4&#8243; _builder_version=&#8221;4.16&#8243; _module_preset=&#8221;default&#8221; global_colors_info=&#8221;{}&#8221; theme_builder_area=&#8221;post_content&#8221;][et_pb_text _builder_version=&#8221;4.16&#8243; _module_preset=&#8221;default&#8221; header_font=&#8221;|300||on|||||&#8221; header_text_align=&#8221;left&#8221; header_text_color=&#8221;#F7F7F7&#8243; header_font_size=&#8221;3em&#8221; header_2_font=&#8221;|300||on|||||&#8221; header_2_text_align=&#8221;left&#8221; header_2_text_color=&#8221;#F7F7F7&#8243; header_2_font_size=&#8221;3em&#8221; custom_margin=&#8221;40px||40px||false|false&#8221; animation_style=&#8221;slide&#8221; animation_direction=&#8221;left&#8221; animation_intensity_slide=&#8221;3%&#8221; animation_speed_curve=&#8221;ease&#8221; header_text_align_tablet=&#8221;left&#8221; header_text_align_phone=&#8221;left&#8221; header_text_align_last_edited=&#8221;on|tablet&#8221; header_text_color_tablet=&#8221;#303030&#8243; header_text_color_phone=&#8221;#303030&#8243; header_text_color_last_edited=&#8221;on|desktop&#8221; header_2_text_align_tablet=&#8221;&#8221; header_2_text_align_phone=&#8221;left&#8221; header_2_text_align_last_edited=&#8221;on|phone&#8221; header_2_font_size_tablet=&#8221;&#8221; header_2_font_size_phone=&#8221;2em&#8221; header_2_font_size_last_edited=&#8221;on|desktop&#8221; custom_css_main_element=&#8221;overflow-wrap: normal;&#8221; global_colors_info=&#8221;{}&#8221; header_2_2_font_size_phone=&#8221;2em&#8221; header_3_2_font_size_phone=&#8221;2em&#8221; header_4_2_font_size_phone=&#8221;2em&#8221; header_5_2_font_size_phone=&#8221;2em&#8221; header_6_2_font_size_phone=&#8221;2em&#8221; header_2_2_font_size_last_edited=&#8221;on|phone&#8221; header_3_2_font_size_last_edited=&#8221;on|phone&#8221; header_4_2_font_size_last_edited=&#8221;on|phone&#8221; header_5_2_font_size_last_edited=&#8221;on|phone&#8221; header_6_2_font_size_last_edited=&#8221;on|phone&#8221; theme_builder_area=&#8221;post_content&#8221;]<\/p>\n<h1><strong>2. GRAFIKA PNG<\/strong><\/h1>\n<p>[\/et_pb_text][et_pb_image src=&#8221;https:\/\/loopstore.eu\/intralogistics\/wp-content\/uploads\/sites\/3\/2021\/12\/Loopstore-Produkt-Automatyczny-System-Sywokiego-Skladowania-BOXSS-Mobile.png&#8221; alt=&#8221;Innowacyjny System Wysokiego Sk\u0142adowania BOxSS Z Autonomicznym Robotem Oraz Stacj\u0105 Obs\u0142ugi&#8221; title_text=&#8221;Systam Magazynowy BOxSS To Pe\u0142na Automatyzacja, Wysoka Wydajno\u015b\u0107 Oraz Skalowalno\u015b\u0107&#8221; disabled_on=&#8221;off|off|on&#8221; _builder_version=&#8221;4.19.5&#8243; _module_preset=&#8221;default&#8221; custom_margin=&#8221;|-14%|||false|false&#8221; global_colors_info=&#8221;{}&#8221; theme_builder_area=&#8221;post_content&#8221;][\/et_pb_image][et_pb_text _builder_version=&#8221;4.21.0&#8243; _module_preset=&#8221;default&#8221; text_font=&#8221;|300|||||||&#8221; text_text_color=&#8221;#F7F7F7&#8243; text_font_size=&#8221;1.5em&#8221; text_line_height=&#8221;1.6em&#8221; positioning=&#8221;relative&#8221; position_origin_a=&#8221;center_left&#8221; width=&#8221;100%&#8221; max_width=&#8221;40%&#8221; max_width_tablet=&#8221;100%&#8221; max_width_phone=&#8221;&#8221; max_width_last_edited=&#8221;on|desktop&#8221; custom_margin=&#8221;||40px||false|false&#8221; animation_style=&#8221;slide&#8221; animation_direction=&#8221;left&#8221; animation_delay=&#8221;100ms&#8221; animation_intensity_slide=&#8221;3%&#8221; animation_speed_curve=&#8221;ease&#8221; hover_enabled=&#8221;0&#8243; text_text_color_tablet=&#8221;#303030&#8243; text_text_color_phone=&#8221;#303030&#8243; text_text_color_last_edited=&#8221;on|tablet&#8221; text_font_size_tablet=&#8221;1.5em&#8221; text_font_size_phone=&#8221;1.2em&#8221; text_font_size_last_edited=&#8221;on|desktop&#8221; text_orientation_tablet=&#8221;&#8221; text_orientation_phone=&#8221;left&#8221; text_orientation_last_edited=&#8221;on|phone&#8221; global_colors_info=&#8221;{}&#8221; theme_builder_area=&#8221;post_content&#8221; sticky_enabled=&#8221;0&#8243;]<\/p>\n<p>Rozmiar oryginalny: 242 kb<\/p>\n<p>Rozmiar WebP: 81 kb<\/p>\n<p>T\u0142o gradientowe<\/p>\n<p><b><\/b><\/p>\n<p>[\/et_pb_text][\/et_pb_column][\/et_pb_row][\/et_pb_section][et_pb_section fb_built=&#8221;1&#8243; admin_label=&#8221;Sekcja&#8221; _builder_version=&#8221;4.21.0&#8243; _module_preset=&#8221;default&#8221; background_image=&#8221;https:\/\/loopstore.eu\/intralogistics\/wp-content\/uploads\/sites\/3\/2023\/07\/3.jpg&#8221; module_alignment=&#8221;center&#8221; min_height_last_edited=&#8221;off|desktop&#8221; height_last_edited=&#8221;off|desktop&#8221; custom_margin=&#8221;0px|0px|0px|0px|false|false&#8221; custom_padding=&#8221;0px|0px|0px|0px|false|false&#8221; hover_enabled=&#8221;0&#8243; background_last_edited=&#8221;on|desktop&#8221; background_color_gradient_type_tablet=&#8221;linear&#8221; background_color_gradient_type_phone=&#8221;linear&#8221; background_enable_image_tablet=&#8221;off&#8221; background_enable_image_phone=&#8221;off&#8221; custom_css_main_element=&#8221;||&#8221; locked=&#8221;off&#8221; global_colors_info=&#8221;{%22gcid-79d4e9d2-5529-4fe1-a1e2-194636c12ad2%22:%91%22background_color%22%93}&#8221; theme_builder_area=&#8221;post_content&#8221; background_color=&#8221;gcid-79d4e9d2-5529-4fe1-a1e2-194636c12ad2&#8243; sticky_enabled=&#8221;0&#8243; title_text=&#8221;3&#8243;][et_pb_row make_equal=&#8221;on&#8221; _builder_version=&#8221;4.16&#8243; _module_preset=&#8221;default&#8221; background_color_gradient_direction=&#8221;45deg&#8221; background_enable_image=&#8221;off&#8221; background_position=&#8221;bottom_left&#8221; width=&#8221;100%&#8221; max_width=&#8221;2560px&#8221; min_height=&#8221;90vh&#8221; min_height_tablet=&#8221;&#8221; min_height_phone=&#8221;&#8221; min_height_last_edited=&#8221;on|tablet&#8221; custom_margin=&#8221;0px|0px|0px|0px|false|false&#8221; custom_padding=&#8221;0px|10%|0px|10%|false|false&#8221; animation_style=&#8221;fade&#8221; hover_enabled=&#8221;0&#8243; background_last_edited=&#8221;on|tablet&#8221; background_enable_image_tablet=&#8221;off&#8221; module_alignment_tablet=&#8221;center&#8221; module_alignment_last_edited=&#8221;off|desktop&#8221; global_colors_info=&#8221;{}&#8221; theme_builder_area=&#8221;post_content&#8221; sticky_enabled=&#8221;0&#8243;][et_pb_column type=&#8221;4_4&#8243; _builder_version=&#8221;4.16&#8243; _module_preset=&#8221;default&#8221; global_colors_info=&#8221;{}&#8221; theme_builder_area=&#8221;post_content&#8221;][et_pb_text _builder_version=&#8221;4.16&#8243; _module_preset=&#8221;default&#8221; header_font=&#8221;|300||on|||||&#8221; header_text_align=&#8221;left&#8221; header_text_color=&#8221;#F7F7F7&#8243; header_font_size=&#8221;3em&#8221; header_2_font=&#8221;|300||on|||||&#8221; header_2_text_align=&#8221;left&#8221; header_2_text_color=&#8221;#F7F7F7&#8243; header_2_font_size=&#8221;3em&#8221; custom_margin=&#8221;40px||40px||false|false&#8221; animation_style=&#8221;slide&#8221; animation_direction=&#8221;left&#8221; animation_intensity_slide=&#8221;3%&#8221; animation_speed_curve=&#8221;ease&#8221; header_text_align_tablet=&#8221;left&#8221; header_text_align_phone=&#8221;left&#8221; header_text_align_last_edited=&#8221;on|tablet&#8221; header_text_color_tablet=&#8221;#303030&#8243; header_text_color_phone=&#8221;#303030&#8243; header_text_color_last_edited=&#8221;on|desktop&#8221; header_2_text_align_tablet=&#8221;&#8221; header_2_text_align_phone=&#8221;left&#8221; header_2_text_align_last_edited=&#8221;on|phone&#8221; header_2_font_size_tablet=&#8221;&#8221; header_2_font_size_phone=&#8221;2em&#8221; header_2_font_size_last_edited=&#8221;on|desktop&#8221; custom_css_main_element=&#8221;overflow-wrap: normal;&#8221; global_colors_info=&#8221;{}&#8221; header_2_2_font_size_phone=&#8221;2em&#8221; header_3_2_font_size_phone=&#8221;2em&#8221; header_4_2_font_size_phone=&#8221;2em&#8221; header_5_2_font_size_phone=&#8221;2em&#8221; header_6_2_font_size_phone=&#8221;2em&#8221; header_2_2_font_size_last_edited=&#8221;on|phone&#8221; header_3_2_font_size_last_edited=&#8221;on|phone&#8221; header_4_2_font_size_last_edited=&#8221;on|phone&#8221; header_5_2_font_size_last_edited=&#8221;on|phone&#8221; header_6_2_font_size_last_edited=&#8221;on|phone&#8221; theme_builder_area=&#8221;post_content&#8221;]<\/p>\n<h1><strong>3. GRAFIKA JPG<\/strong><\/h1>\n<p>[\/et_pb_text][et_pb_image src=&#8221;https:\/\/loopstore.eu\/intralogistics\/wp-content\/uploads\/sites\/3\/2021\/12\/Loopstore-Produkt-Automatyczny-System-Sywokiego-Skladowania-BOXSS-Mobile.png&#8221; alt=&#8221;Innowacyjny System Wysokiego Sk\u0142adowania BOxSS Z Autonomicznym Robotem Oraz Stacj\u0105 Obs\u0142ugi&#8221; title_text=&#8221;Systam Magazynowy BOxSS To Pe\u0142na Automatyzacja, Wysoka Wydajno\u015b\u0107 Oraz Skalowalno\u015b\u0107&#8221; disabled_on=&#8221;off|off|on&#8221; _builder_version=&#8221;4.19.5&#8243; _module_preset=&#8221;default&#8221; custom_margin=&#8221;|-14%|||false|false&#8221; global_colors_info=&#8221;{}&#8221; theme_builder_area=&#8221;post_content&#8221;][\/et_pb_image][et_pb_text _builder_version=&#8221;4.21.0&#8243; _module_preset=&#8221;default&#8221; text_font=&#8221;|300|||||||&#8221; text_text_color=&#8221;#F7F7F7&#8243; text_font_size=&#8221;1.5em&#8221; text_line_height=&#8221;1.6em&#8221; positioning=&#8221;relative&#8221; position_origin_a=&#8221;center_left&#8221; width=&#8221;100%&#8221; max_width=&#8221;40%&#8221; max_width_tablet=&#8221;100%&#8221; max_width_phone=&#8221;&#8221; max_width_last_edited=&#8221;on|desktop&#8221; custom_margin=&#8221;||40px||false|false&#8221; animation_style=&#8221;slide&#8221; animation_direction=&#8221;left&#8221; animation_delay=&#8221;100ms&#8221; animation_intensity_slide=&#8221;3%&#8221; animation_speed_curve=&#8221;ease&#8221; hover_enabled=&#8221;0&#8243; text_text_color_tablet=&#8221;#303030&#8243; text_text_color_phone=&#8221;#303030&#8243; text_text_color_last_edited=&#8221;on|tablet&#8221; text_font_size_tablet=&#8221;1.5em&#8221; text_font_size_phone=&#8221;1.2em&#8221; text_font_size_last_edited=&#8221;on|desktop&#8221; text_orientation_tablet=&#8221;&#8221; text_orientation_phone=&#8221;left&#8221; text_orientation_last_edited=&#8221;on|phone&#8221; global_colors_info=&#8221;{}&#8221; theme_builder_area=&#8221;post_content&#8221; sticky_enabled=&#8221;0&#8243;]<\/p>\n<p>Rozmiar Oryginalny: 125 kb<\/p>\n<p>Rozmiar WebP: 60 kb<\/p>\n<p>T\u0142o jednolite<\/p>\n<p><b><\/b><\/p>\n<p>[\/et_pb_text][\/et_pb_column][\/et_pb_row][\/et_pb_section]<\/p>\n","protected":false},"excerpt":{"rendered":"<p>1. GRAFIKA PNGRozmiar oryginalny: 635 kb Rozmiar WebP: 157 kb T\u0142o gradientowe2. GRAFIKA PNGRozmiar oryginalny: 242 kb Rozmiar WebP: 81 kb T\u0142o gradientowe 3. GRAFIKA JPGRozmiar Oryginalny: 125 kb Rozmiar WebP: 60 kb T\u0142o jednolite<\/p>\n","protected":false},"author":1,"featured_media":0,"parent":0,"menu_order":0,"comment_status":"closed","ping_status":"closed","template":"","meta":{"_et_pb_use_builder":"on","_et_pb_old_content":"","_et_gb_content_width":"","inline_featured_image":false,"footnotes":""},"_links":{"self":[{"href":"https:\/\/loopstore.eu\/intralogistics\/wp-json\/wp\/v2\/pages\/1166"}],"collection":[{"href":"https:\/\/loopstore.eu\/intralogistics\/wp-json\/wp\/v2\/pages"}],"about":[{"href":"https:\/\/loopstore.eu\/intralogistics\/wp-json\/wp\/v2\/types\/page"}],"author":[{"embeddable":true,"href":"https:\/\/loopstore.eu\/intralogistics\/wp-json\/wp\/v2\/users\/1"}],"replies":[{"embeddable":true,"href":"https:\/\/loopstore.eu\/intralogistics\/wp-json\/wp\/v2\/comments?post=1166"}],"version-history":[{"count":5,"href":"https:\/\/loopstore.eu\/intralogistics\/wp-json\/wp\/v2\/pages\/1166\/revisions"}],"predecessor-version":[{"id":1177,"href":"https:\/\/loopstore.eu\/intralogistics\/wp-json\/wp\/v2\/pages\/1166\/revisions\/1177"}],"wp:attachment":[{"href":"https:\/\/loopstore.eu\/intralogistics\/wp-json\/wp\/v2\/media?parent=1166"}],"curies":[{"name":"wp","href":"https:\/\/api.w.org\/{rel}","templated":true}]}}